{"id":1897,"date":"2025-03-13T11:53:20","date_gmt":"2025-03-13T10:53:20","guid":{"rendered":"https:\/\/residenciasantjordi.es\/faq-items\/proceso-de-adaptacion\/"},"modified":"2025-04-14T13:31:44","modified_gmt":"2025-04-14T11:31:44","slug":"proces-dadaptacio","status":"publish","type":"avada_faq","link":"https:\/\/residenciasantjordi.es\/ca\/faq-items\/proces-dadaptacio\/","title":{"rendered":"Proc\u00e9s d&#8217;adaptaci\u00f3"},"content":{"rendered":"<div class=\"fusion-fullwidth fullwidth-box fusion-builder-row-1 fusion-flex-container has-pattern-background has-mask-background nonhundred-percent-fullwidth non-hundred-percent-height-scrolling\" style=\"--awb-border-radius-top-left:0px;--awb-border-radius-top-right:0px;--awb-border-radius-bottom-right:0px;--awb-border-radius-bottom-left:0px;--awb-flex-wrap:wrap;\" ><div class=\"fusion-builder-row fusion-row fusion-flex-align-items-flex-start fusion-flex-content-wrap\" style=\"max-width:1612px;margin-left: calc(-4% \/ 2 );margin-right: calc(-4% \/ 2 );\"><div class=\"fusion-layout-column fusion_builder_column fusion-builder-column-0 fusion_builder_column_1_1 1_1 fusion-flex-column\" style=\"--awb-bg-size:cover;--awb-width-large:100%;--awb-margin-top-large:0px;--awb-spacing-right-large:1.92%;--awb-margin-bottom-large:20px;--awb-spacing-left-large:1.92%;--awb-width-medium:100%;--awb-order-medium:0;--awb-spacing-right-medium:1.92%;--awb-spacing-left-medium:1.92%;--awb-width-small:100%;--awb-order-small:0;--awb-spacing-right-small:1.92%;--awb-spacing-left-small:1.92%;\"><div class=\"fusion-column-wrapper fusion-column-has-shadow fusion-flex-justify-content-flex-start fusion-content-layout-column\"><div class=\"fusion-text fusion-text-1\"><p>L&#8217;ingr\u00e9s en la resid\u00e8ncia \u00e9s un canvi important, tant per al resident com per a la seva fam\u00edlia. Per a garantir una adaptaci\u00f3 el m\u00e9s c\u00f2moda possible, realitzem una <strong>entrevista inicial amb el nostre equip de treball social<\/strong>, on recopilem informaci\u00f3 clau sobre la hist\u00f2ria de vida, h\u00e0bits i necessitats del resident.<\/p>\n<p>Durant els primers dies, diferents professionals aniran afegint les seves observacions a la valoraci\u00f3 inicial, permetent-nos dissenyar un <strong>pla integral d&#8217;atenci\u00f3<\/strong> adaptat a cada persona.<\/p>\n<p>Sabem que <strong>cada resident viu aquest proc\u00e9s de manera diferent<\/strong>. Per als qui conserven les seves habilitats cognitives, l&#8217;adaptaci\u00f3 pot centrar-se en con\u00e8ixer la rutina i socialitzar amb altres residents. En canvi, per a aquells amb deterioraci\u00f3 cognitiva avan\u00e7ada, aquest canvi pot ser m\u00e9s complex i requerir un acompanyament m\u00e9s pr\u00f2xim i progressiu.<\/p>\n<p>En qualsevol cas, <strong>oferim una atenci\u00f3 personalitzada, amb un tracte pr\u00f2xim i familiar<\/strong>, perqu\u00e8 cada persona se senti acollida des del primer dia. Estem a la vostra disposici\u00f3 per a qualsevol inquietud o suport que necessiteu durant aquest proc\u00e9s.<\/p>\n<\/div><\/div><\/div><\/div><\/div>\n","protected":false},"excerpt":{"rendered":"","protected":false},"author":1,"featured_media":0,"menu_order":0,"comment_status":"open","ping_status":"closed","template":"","format":"standard","meta":{"footnotes":""},"faq_category":[30],"class_list":["post-1897","avada_faq","type-avada_faq","status-publish","format-standard","hentry","faq_category-informacion-ca"],"yoast_head":"<!-- This site is optimized with the Yoast SEO plugin v27.4 - https:\/\/yoast.com\/product\/yoast-seo-wordpress\/ -->\n<title>Proc\u00e9s d&#039;adaptaci\u00f3 - Residencia Sant Jordi<\/title>\n<meta name=\"robots\" content=\"index, follow, max-snippet:-1, max-image-preview:large, max-video-preview:-1\" \/>\n<link rel=\"canonical\" href=\"https:\/\/residenciasantjordi.es\/ca\/faq-items\/proces-dadaptacio\/\" \/>\n<meta property=\"og:locale\" content=\"ca_ES\" \/>\n<meta property=\"og:type\" content=\"article\" \/>\n<meta property=\"og:title\" content=\"Proc\u00e9s d&#039;adaptaci\u00f3 - Residencia Sant Jordi\" \/>\n<meta property=\"og:url\" content=\"https:\/\/residenciasantjordi.es\/ca\/faq-items\/proces-dadaptacio\/\" \/>\n<meta property=\"og:site_name\" content=\"Residencia Sant Jordi\" \/>\n<meta property=\"article:modified_time\" content=\"2025-04-14T11:31:44+00:00\" \/>\n<meta name=\"twitter:card\" content=\"summary_large_image\" \/>\n<meta name=\"twitter:label1\" content=\"Temps estimat de lectura\" \/>\n\t<meta name=\"twitter:data1\" content=\"1 minut\" \/>\n<script type=\"application\/ld+json\" class=\"yoast-schema-graph\">{\"@context\":\"https:\\\/\\\/schema.org\",\"@graph\":[{\"@type\":\"WebPage\",\"@id\":\"https:\\\/\\\/residenciasantjordi.es\\\/ca\\\/faq-items\\\/proces-dadaptacio\\\/\",\"url\":\"https:\\\/\\\/residenciasantjordi.es\\\/ca\\\/faq-items\\\/proces-dadaptacio\\\/\",\"name\":\"Proc\u00e9s d'adaptaci\u00f3 - Residencia Sant Jordi\",\"isPartOf\":{\"@id\":\"https:\\\/\\\/residenciasantjordi.es\\\/ca\\\/#website\"},\"datePublished\":\"2025-03-13T10:53:20+00:00\",\"dateModified\":\"2025-04-14T11:31:44+00:00\",\"breadcrumb\":{\"@id\":\"https:\\\/\\\/residenciasantjordi.es\\\/ca\\\/faq-items\\\/proces-dadaptacio\\\/#breadcrumb\"},\"inLanguage\":\"ca\",\"potentialAction\":[{\"@type\":\"ReadAction\",\"target\":[\"https:\\\/\\\/residenciasantjordi.es\\\/ca\\\/faq-items\\\/proces-dadaptacio\\\/\"]}]},{\"@type\":\"BreadcrumbList\",\"@id\":\"https:\\\/\\\/residenciasantjordi.es\\\/ca\\\/faq-items\\\/proces-dadaptacio\\\/#breadcrumb\",\"itemListElement\":[{\"@type\":\"ListItem\",\"position\":1,\"name\":\"Inicio\",\"item\":\"https:\\\/\\\/residenciasantjordi.es\\\/ca\\\/\"},{\"@type\":\"ListItem\",\"position\":2,\"name\":\"FAQs\",\"item\":\"https:\\\/\\\/residenciasantjordi.es\\\/ca\\\/faq-items\\\/\"},{\"@type\":\"ListItem\",\"position\":3,\"name\":\"Proc\u00e9s d&#8217;adaptaci\u00f3\"}]},{\"@type\":\"WebSite\",\"@id\":\"https:\\\/\\\/residenciasantjordi.es\\\/ca\\\/#website\",\"url\":\"https:\\\/\\\/residenciasantjordi.es\\\/ca\\\/\",\"name\":\"Residencia Sant Jordi\",\"description\":\"Residencia Sant Jordi\",\"potentialAction\":[{\"@type\":\"SearchAction\",\"target\":{\"@type\":\"EntryPoint\",\"urlTemplate\":\"https:\\\/\\\/residenciasantjordi.es\\\/ca\\\/?s={search_term_string}\"},\"query-input\":{\"@type\":\"PropertyValueSpecification\",\"valueRequired\":true,\"valueName\":\"search_term_string\"}}],\"inLanguage\":\"ca\"}]}<\/script>\n<!-- \/ Yoast SEO plugin. -->","yoast_head_json":{"title":"Proc\u00e9s d'adaptaci\u00f3 - Residencia Sant Jordi","robots":{"index":"index","follow":"follow","max-snippet":"max-snippet:-1","max-image-preview":"max-image-preview:large","max-video-preview":"max-video-preview:-1"},"canonical":"https:\/\/residenciasantjordi.es\/ca\/faq-items\/proces-dadaptacio\/","og_locale":"ca_ES","og_type":"article","og_title":"Proc\u00e9s d'adaptaci\u00f3 - Residencia Sant Jordi","og_url":"https:\/\/residenciasantjordi.es\/ca\/faq-items\/proces-dadaptacio\/","og_site_name":"Residencia Sant Jordi","article_modified_time":"2025-04-14T11:31:44+00:00","twitter_card":"summary_large_image","twitter_misc":{"Temps estimat de lectura":"1 minut"},"schema":{"@context":"https:\/\/schema.org","@graph":[{"@type":"WebPage","@id":"https:\/\/residenciasantjordi.es\/ca\/faq-items\/proces-dadaptacio\/","url":"https:\/\/residenciasantjordi.es\/ca\/faq-items\/proces-dadaptacio\/","name":"Proc\u00e9s d'adaptaci\u00f3 - Residencia Sant Jordi","isPartOf":{"@id":"https:\/\/residenciasantjordi.es\/ca\/#website"},"datePublished":"2025-03-13T10:53:20+00:00","dateModified":"2025-04-14T11:31:44+00:00","breadcrumb":{"@id":"https:\/\/residenciasantjordi.es\/ca\/faq-items\/proces-dadaptacio\/#breadcrumb"},"inLanguage":"ca","potentialAction":[{"@type":"ReadAction","target":["https:\/\/residenciasantjordi.es\/ca\/faq-items\/proces-dadaptacio\/"]}]},{"@type":"BreadcrumbList","@id":"https:\/\/residenciasantjordi.es\/ca\/faq-items\/proces-dadaptacio\/#breadcrumb","itemListElement":[{"@type":"ListItem","position":1,"name":"Inicio","item":"https:\/\/residenciasantjordi.es\/ca\/"},{"@type":"ListItem","position":2,"name":"FAQs","item":"https:\/\/residenciasantjordi.es\/ca\/faq-items\/"},{"@type":"ListItem","position":3,"name":"Proc\u00e9s d&#8217;adaptaci\u00f3"}]},{"@type":"WebSite","@id":"https:\/\/residenciasantjordi.es\/ca\/#website","url":"https:\/\/residenciasantjordi.es\/ca\/","name":"Residencia Sant Jordi","description":"Residencia Sant Jordi","potentialAction":[{"@type":"SearchAction","target":{"@type":"EntryPoint","urlTemplate":"https:\/\/residenciasantjordi.es\/ca\/?s={search_term_string}"},"query-input":{"@type":"PropertyValueSpecification","valueRequired":true,"valueName":"search_term_string"}}],"inLanguage":"ca"}]}},"_links":{"self":[{"href":"https:\/\/residenciasantjordi.es\/ca\/wp-json\/wp\/v2\/avada_faq\/1897","targetHints":{"allow":["GET"]}}],"collection":[{"href":"https:\/\/residenciasantjordi.es\/ca\/wp-json\/wp\/v2\/avada_faq"}],"about":[{"href":"https:\/\/residenciasantjordi.es\/ca\/wp-json\/wp\/v2\/types\/avada_faq"}],"author":[{"embeddable":true,"href":"https:\/\/residenciasantjordi.es\/ca\/wp-json\/wp\/v2\/users\/1"}],"replies":[{"embeddable":true,"href":"https:\/\/residenciasantjordi.es\/ca\/wp-json\/wp\/v2\/comments?post=1897"}],"version-history":[{"count":3,"href":"https:\/\/residenciasantjordi.es\/ca\/wp-json\/wp\/v2\/avada_faq\/1897\/revisions"}],"predecessor-version":[{"id":1913,"href":"https:\/\/residenciasantjordi.es\/ca\/wp-json\/wp\/v2\/avada_faq\/1897\/revisions\/1913"}],"wp:attachment":[{"href":"https:\/\/residenciasantjordi.es\/ca\/wp-json\/wp\/v2\/media?parent=1897"}],"wp:term":[{"taxonomy":"faq_category","embeddable":true,"href":"https:\/\/residenciasantjordi.es\/ca\/wp-json\/wp\/v2\/faq_category?post=1897"}],"curies":[{"name":"wp","href":"https:\/\/api.w.org\/{rel}","templated":true}]}}

Procés d&#8217;adaptació

<div class="fusion-fullwidth fullwidth-box fusion-builder-row-1 fusion-flex-container has-pattern-background has-mask-background nonhundred-percent-fullwidth non-hundred-percent-height-scrolling" style="--awb-border-radius-top-left:0px;--awb-border-radius-top-right:0px;--awb-border-radius-bottom-right:0px;--awb-border-radius-bottom-left:0px;--awb-flex-wrap:wrap;" ><div class="fusion-builder-row fusion-row fusion-flex-align-items-flex-start fusion-flex-content-wrap" style="max-width:1612px;margin-left: calc(-4% / 2 );margin-right: calc(-4% / 2 );"><div class="fusion-layout-column fusion_builder_column fusion-builder-column-0 fusion_builder_column_1_1 1_1 fusion-flex-column" style="--awb-bg-size:cover;--awb-width-large:100%;--awb-margin-top-large:0px;--awb-spacing-right-large:1.92%;--awb-margin-bottom-large:20px;--awb-spacing-left-large:1.92%;--awb-width-medium:100%;--awb-order-medium:0;--awb-spacing-right-medium:1.92%;--awb-spacing-left-medium:1.92%;--awb-width-small:100%;--awb-order-small:0;--awb-spacing-right-small:1.92%;--awb-spacing-left-small:1.92%;"><div class="fusion-column-wrapper fusion-column-has-shadow fusion-flex-justify-content-flex-start fusion-content-layout-column"><div class="fusion-text fusion-text-1"><p>L&#8217;ingrés en la residència és un canvi important, tant per al resident com per a la seva família. Per a garantir una adaptació el més còmoda possible, realitzem una <strong>entrevista inicial amb el nostre equip de treball social</strong>, on recopilem informació clau sobre la història de vida, hàbits i necessitats del resident.</p>
<p>Durant els primers dies, diferents professionals aniran afegint les seves observacions a la valoració inicial, permetent-nos dissenyar un <strong>pla integral d&#8217;atenció</strong> adaptat a cada persona.</p>
<p>Sabem que <strong>cada resident viu aquest procés de manera diferent</strong>. Per als qui conserven les seves habilitats cognitives, l&#8217;adaptació pot centrar-se en conèixer la rutina i socialitzar amb altres residents. En canvi, per a aquells amb deterioració cognitiva avançada, aquest canvi pot ser més complex i requerir un acompanyament més pròxim i progressiu.</p>
<p>En qualsevol cas, <strong>oferim una atenció personalitzada, amb un tracte pròxim i familiar</strong>, perquè cada persona se senti acollida des del primer dia. Estem a la vostra disposició per a qualsevol inquietud o suport que necessiteu durant aquest procés.</p>
</div></div></div></div></div>

<!-- This site is optimized with the Yoast SEO plugin v27.4 - https://yoast.com/product/yoast-seo-wordpress/ -->
<title>Procés d&#039;adaptació - Residencia Sant Jordi</title>
<meta name="robots" content="index, follow, max-snippet:-1, max-image-preview:large, max-video-preview:-1" />
<link rel="canonical" href="https://residenciasantjordi.es/ca/faq-items/proces-dadaptacio/" />
<meta property="og:locale" content="ca_ES" />
<meta property="og:type" content="article" />
<meta property="og:title" content="Procés d&#039;adaptació - Residencia Sant Jordi" />
<meta property="og:url" content="https://residenciasantjordi.es/ca/faq-items/proces-dadaptacio/" />
<meta property="og:site_name" content="Residencia Sant Jordi" />
<meta property="article:modified_time" content="2025-04-14T11:31:44+00:00" />
<meta name="twitter:card" content="summary_large_image" />
<meta name="twitter:label1" content="Temps estimat de lectura" />
	<meta name="twitter:data1" content="1 minut" />
<script type="application/ld+json" class="yoast-schema-graph">{"@context":"https:\/\/schema.org","@graph":[{"@type":"WebPage","@id":"https:\/\/residenciasantjordi.es\/ca\/faq-items\/proces-dadaptacio\/","url":"https:\/\/residenciasantjordi.es\/ca\/faq-items\/proces-dadaptacio\/","name":"Procés d'adaptació - Residencia Sant Jordi","isPartOf":{"@id":"https:\/\/residenciasantjordi.es\/ca\/#website"},"datePublished":"2025-03-13T10:53:20+00:00","dateModified":"2025-04-14T11:31:44+00:00","breadcrumb":{"@id":"https:\/\/residenciasantjordi.es\/ca\/faq-items\/proces-dadaptacio\/#breadcrumb"},"inLanguage":"ca","potentialAction":[{"@type":"ReadAction","target":["https:\/\/residenciasantjordi.es\/ca\/faq-items\/proces-dadaptacio\/"]}]},{"@type":"BreadcrumbList","@id":"https:\/\/residenciasantjordi.es\/ca\/faq-items\/proces-dadaptacio\/#breadcrumb","itemListElement":[{"@type":"ListItem","position":1,"name":"Inicio","item":"https:\/\/residenciasantjordi.es\/ca\/"},{"@type":"ListItem","position":2,"name":"FAQs","item":"https:\/\/residenciasantjordi.es\/ca\/faq-items\/"},{"@type":"ListItem","position":3,"name":"Procés d&#8217;adaptació"}]},{"@type":"WebSite","@id":"https:\/\/residenciasantjordi.es\/ca\/#website","url":"https:\/\/residenciasantjordi.es\/ca\/","name":"Residencia Sant Jordi","description":"Residencia Sant Jordi","potentialAction":[{"@type":"SearchAction","target":{"@type":"EntryPoint","urlTemplate":"https:\/\/residenciasantjordi.es\/ca\/?s={search_term_string}"},"query-input":{"@type":"PropertyValueSpecification","valueRequired":true,"valueName":"search_term_string"}}],"inLanguage":"ca"}]}</script>
<!-- / Yoast SEO plugin. -->

Procés d'adaptació - Residencia Sant Jordi
