{"id":1980,"date":"2025-03-13T10:08:57","date_gmt":"2025-03-13T09:08:57","guid":{"rendered":"https:\/\/residenciasantjordi.es\/faq-items\/que-precio-tiene-una-plaza-en-residencia-sant-jordi\/"},"modified":"2025-04-14T13:58:56","modified_gmt":"2025-04-14T11:58:56","slug":"quin-preu-te-una-placa-en-residencia-sant-jordi","status":"publish","type":"avada_faq","link":"https:\/\/residenciasantjordi.es\/ca\/faq-items\/quin-preu-te-una-placa-en-residencia-sant-jordi\/","title":{"rendered":"Quin preu t\u00e9 una pla\u00e7a en Resid\u00e8ncia Sant Jordi?"},"content":{"rendered":"<div class=\"fusion-fullwidth fullwidth-box fusion-builder-row-1 fusion-flex-container has-pattern-background has-mask-background nonhundred-percent-fullwidth non-hundred-percent-height-scrolling\" style=\"--awb-border-radius-top-left:0px;--awb-border-radius-top-right:0px;--awb-border-radius-bottom-right:0px;--awb-border-radius-bottom-left:0px;--awb-flex-wrap:wrap;\" ><div class=\"fusion-builder-row fusion-row fusion-flex-align-items-flex-start fusion-flex-content-wrap\" style=\"max-width:1612px;margin-left: calc(-4% \/ 2 );margin-right: calc(-4% \/ 2 );\"><div class=\"fusion-layout-column fusion_builder_column fusion-builder-column-0 fusion_builder_column_1_1 1_1 fusion-flex-column\" style=\"--awb-bg-size:cover;--awb-width-large:100%;--awb-margin-top-large:0px;--awb-spacing-right-large:1.92%;--awb-margin-bottom-large:20px;--awb-spacing-left-large:1.92%;--awb-width-medium:100%;--awb-order-medium:0;--awb-spacing-right-medium:1.92%;--awb-spacing-left-medium:1.92%;--awb-width-small:100%;--awb-order-small:0;--awb-spacing-right-small:1.92%;--awb-spacing-left-small:1.92%;\"><div class=\"fusion-column-wrapper fusion-column-has-shadow fusion-flex-justify-content-flex-start fusion-content-layout-column\"><div class=\"fusion-text fusion-text-1\"><p>Les tarifes de la Resid\u00e8ncia Sant Jordi varien depenent del tipus d&#8217;habitaci\u00f3, els serveis que requereixi el resident i les necessitats espec\u00edfiques de cada persona. Per a oferir-te una <strong>informaci\u00f3 personalitzada i adaptada a la teva situaci\u00f3<\/strong>, et convidem a posar-te en contacte amb nosaltres i agendar una cita per a explicar-te les opcions i proporcionar un pressupost ajustat a les vostres necessitats.<\/p>\n<\/div><\/div><\/div><\/div><\/div>\n","protected":false},"excerpt":{"rendered":"","protected":false},"author":1,"featured_media":0,"menu_order":0,"comment_status":"open","ping_status":"closed","template":"","format":"standard","meta":{"footnotes":""},"faq_category":[31],"class_list":["post-1980","avada_faq","type-avada_faq","status-publish","format-standard","hentry","faq_category-faqs-ca"],"yoast_head":"<!-- This site is optimized with the Yoast SEO plugin v27.4 - https:\/\/yoast.com\/product\/yoast-seo-wordpress\/ -->\n<title>Quin preu t\u00e9 una pla\u00e7a en Resid\u00e8ncia Sant Jordi? - Residencia Sant Jordi<\/title>\n<meta name=\"robots\" content=\"index, follow, max-snippet:-1, max-image-preview:large, max-video-preview:-1\" \/>\n<link rel=\"canonical\" href=\"https:\/\/residenciasantjordi.es\/ca\/faq-items\/quin-preu-te-una-placa-en-residencia-sant-jordi\/\" \/>\n<meta property=\"og:locale\" content=\"ca_ES\" \/>\n<meta property=\"og:type\" content=\"article\" \/>\n<meta property=\"og:title\" content=\"Quin preu t\u00e9 una pla\u00e7a en Resid\u00e8ncia Sant Jordi? - Residencia Sant Jordi\" \/>\n<meta property=\"og:url\" content=\"https:\/\/residenciasantjordi.es\/ca\/faq-items\/quin-preu-te-una-placa-en-residencia-sant-jordi\/\" \/>\n<meta property=\"og:site_name\" content=\"Residencia Sant Jordi\" \/>\n<meta property=\"article:modified_time\" content=\"2025-04-14T11:58:56+00:00\" \/>\n<meta name=\"twitter:card\" content=\"summary_large_image\" \/>\n<meta name=\"twitter:label1\" content=\"Temps estimat de lectura\" \/>\n\t<meta name=\"twitter:data1\" content=\"1 minut\" \/>\n<script type=\"application\/ld+json\" class=\"yoast-schema-graph\">{\"@context\":\"https:\\\/\\\/schema.org\",\"@graph\":[{\"@type\":\"WebPage\",\"@id\":\"https:\\\/\\\/residenciasantjordi.es\\\/ca\\\/faq-items\\\/quin-preu-te-una-placa-en-residencia-sant-jordi\\\/\",\"url\":\"https:\\\/\\\/residenciasantjordi.es\\\/ca\\\/faq-items\\\/quin-preu-te-una-placa-en-residencia-sant-jordi\\\/\",\"name\":\"Quin preu t\u00e9 una pla\u00e7a en Resid\u00e8ncia Sant Jordi? - Residencia Sant Jordi\",\"isPartOf\":{\"@id\":\"https:\\\/\\\/residenciasantjordi.es\\\/ca\\\/#website\"},\"datePublished\":\"2025-03-13T09:08:57+00:00\",\"dateModified\":\"2025-04-14T11:58:56+00:00\",\"breadcrumb\":{\"@id\":\"https:\\\/\\\/residenciasantjordi.es\\\/ca\\\/faq-items\\\/quin-preu-te-una-placa-en-residencia-sant-jordi\\\/#breadcrumb\"},\"inLanguage\":\"ca\",\"potentialAction\":[{\"@type\":\"ReadAction\",\"target\":[\"https:\\\/\\\/residenciasantjordi.es\\\/ca\\\/faq-items\\\/quin-preu-te-una-placa-en-residencia-sant-jordi\\\/\"]}]},{\"@type\":\"BreadcrumbList\",\"@id\":\"https:\\\/\\\/residenciasantjordi.es\\\/ca\\\/faq-items\\\/quin-preu-te-una-placa-en-residencia-sant-jordi\\\/#breadcrumb\",\"itemListElement\":[{\"@type\":\"ListItem\",\"position\":1,\"name\":\"Inicio\",\"item\":\"https:\\\/\\\/residenciasantjordi.es\\\/ca\\\/\"},{\"@type\":\"ListItem\",\"position\":2,\"name\":\"FAQs\",\"item\":\"https:\\\/\\\/residenciasantjordi.es\\\/ca\\\/faq-items\\\/\"},{\"@type\":\"ListItem\",\"position\":3,\"name\":\"Quin preu t\u00e9 una pla\u00e7a en Resid\u00e8ncia Sant Jordi?\"}]},{\"@type\":\"WebSite\",\"@id\":\"https:\\\/\\\/residenciasantjordi.es\\\/ca\\\/#website\",\"url\":\"https:\\\/\\\/residenciasantjordi.es\\\/ca\\\/\",\"name\":\"Residencia Sant Jordi\",\"description\":\"Residencia Sant Jordi\",\"potentialAction\":[{\"@type\":\"SearchAction\",\"target\":{\"@type\":\"EntryPoint\",\"urlTemplate\":\"https:\\\/\\\/residenciasantjordi.es\\\/ca\\\/?s={search_term_string}\"},\"query-input\":{\"@type\":\"PropertyValueSpecification\",\"valueRequired\":true,\"valueName\":\"search_term_string\"}}],\"inLanguage\":\"ca\"}]}<\/script>\n<!-- \/ Yoast SEO plugin. -->","yoast_head_json":{"title":"Quin preu t\u00e9 una pla\u00e7a en Resid\u00e8ncia Sant Jordi? - Residencia Sant Jordi","robots":{"index":"index","follow":"follow","max-snippet":"max-snippet:-1","max-image-preview":"max-image-preview:large","max-video-preview":"max-video-preview:-1"},"canonical":"https:\/\/residenciasantjordi.es\/ca\/faq-items\/quin-preu-te-una-placa-en-residencia-sant-jordi\/","og_locale":"ca_ES","og_type":"article","og_title":"Quin preu t\u00e9 una pla\u00e7a en Resid\u00e8ncia Sant Jordi? - Residencia Sant Jordi","og_url":"https:\/\/residenciasantjordi.es\/ca\/faq-items\/quin-preu-te-una-placa-en-residencia-sant-jordi\/","og_site_name":"Residencia Sant Jordi","article_modified_time":"2025-04-14T11:58:56+00:00","twitter_card":"summary_large_image","twitter_misc":{"Temps estimat de lectura":"1 minut"},"schema":{"@context":"https:\/\/schema.org","@graph":[{"@type":"WebPage","@id":"https:\/\/residenciasantjordi.es\/ca\/faq-items\/quin-preu-te-una-placa-en-residencia-sant-jordi\/","url":"https:\/\/residenciasantjordi.es\/ca\/faq-items\/quin-preu-te-una-placa-en-residencia-sant-jordi\/","name":"Quin preu t\u00e9 una pla\u00e7a en Resid\u00e8ncia Sant Jordi? - Residencia Sant Jordi","isPartOf":{"@id":"https:\/\/residenciasantjordi.es\/ca\/#website"},"datePublished":"2025-03-13T09:08:57+00:00","dateModified":"2025-04-14T11:58:56+00:00","breadcrumb":{"@id":"https:\/\/residenciasantjordi.es\/ca\/faq-items\/quin-preu-te-una-placa-en-residencia-sant-jordi\/#breadcrumb"},"inLanguage":"ca","potentialAction":[{"@type":"ReadAction","target":["https:\/\/residenciasantjordi.es\/ca\/faq-items\/quin-preu-te-una-placa-en-residencia-sant-jordi\/"]}]},{"@type":"BreadcrumbList","@id":"https:\/\/residenciasantjordi.es\/ca\/faq-items\/quin-preu-te-una-placa-en-residencia-sant-jordi\/#breadcrumb","itemListElement":[{"@type":"ListItem","position":1,"name":"Inicio","item":"https:\/\/residenciasantjordi.es\/ca\/"},{"@type":"ListItem","position":2,"name":"FAQs","item":"https:\/\/residenciasantjordi.es\/ca\/faq-items\/"},{"@type":"ListItem","position":3,"name":"Quin preu t\u00e9 una pla\u00e7a en Resid\u00e8ncia Sant Jordi?"}]},{"@type":"WebSite","@id":"https:\/\/residenciasantjordi.es\/ca\/#website","url":"https:\/\/residenciasantjordi.es\/ca\/","name":"Residencia Sant Jordi","description":"Residencia Sant Jordi","potentialAction":[{"@type":"SearchAction","target":{"@type":"EntryPoint","urlTemplate":"https:\/\/residenciasantjordi.es\/ca\/?s={search_term_string}"},"query-input":{"@type":"PropertyValueSpecification","valueRequired":true,"valueName":"search_term_string"}}],"inLanguage":"ca"}]}},"_links":{"self":[{"href":"https:\/\/residenciasantjordi.es\/ca\/wp-json\/wp\/v2\/avada_faq\/1980","targetHints":{"allow":["GET"]}}],"collection":[{"href":"https:\/\/residenciasantjordi.es\/ca\/wp-json\/wp\/v2\/avada_faq"}],"about":[{"href":"https:\/\/residenciasantjordi.es\/ca\/wp-json\/wp\/v2\/types\/avada_faq"}],"author":[{"embeddable":true,"href":"https:\/\/residenciasantjordi.es\/ca\/wp-json\/wp\/v2\/users\/1"}],"replies":[{"embeddable":true,"href":"https:\/\/residenciasantjordi.es\/ca\/wp-json\/wp\/v2\/comments?post=1980"}],"version-history":[{"count":1,"href":"https:\/\/residenciasantjordi.es\/ca\/wp-json\/wp\/v2\/avada_faq\/1980\/revisions"}],"predecessor-version":[{"id":1992,"href":"https:\/\/residenciasantjordi.es\/ca\/wp-json\/wp\/v2\/avada_faq\/1980\/revisions\/1992"}],"wp:attachment":[{"href":"https:\/\/residenciasantjordi.es\/ca\/wp-json\/wp\/v2\/media?parent=1980"}],"wp:term":[{"taxonomy":"faq_category","embeddable":true,"href":"https:\/\/residenciasantjordi.es\/ca\/wp-json\/wp\/v2\/faq_category?post=1980"}],"curies":[{"name":"wp","href":"https:\/\/api.w.org\/{rel}","templated":true}]}}

Quin preu té una plaça en Residència Sant Jordi?

<div class="fusion-fullwidth fullwidth-box fusion-builder-row-1 fusion-flex-container has-pattern-background has-mask-background nonhundred-percent-fullwidth non-hundred-percent-height-scrolling" style="--awb-border-radius-top-left:0px;--awb-border-radius-top-right:0px;--awb-border-radius-bottom-right:0px;--awb-border-radius-bottom-left:0px;--awb-flex-wrap:wrap;" ><div class="fusion-builder-row fusion-row fusion-flex-align-items-flex-start fusion-flex-content-wrap" style="max-width:1612px;margin-left: calc(-4% / 2 );margin-right: calc(-4% / 2 );"><div class="fusion-layout-column fusion_builder_column fusion-builder-column-0 fusion_builder_column_1_1 1_1 fusion-flex-column" style="--awb-bg-size:cover;--awb-width-large:100%;--awb-margin-top-large:0px;--awb-spacing-right-large:1.92%;--awb-margin-bottom-large:20px;--awb-spacing-left-large:1.92%;--awb-width-medium:100%;--awb-order-medium:0;--awb-spacing-right-medium:1.92%;--awb-spacing-left-medium:1.92%;--awb-width-small:100%;--awb-order-small:0;--awb-spacing-right-small:1.92%;--awb-spacing-left-small:1.92%;"><div class="fusion-column-wrapper fusion-column-has-shadow fusion-flex-justify-content-flex-start fusion-content-layout-column"><div class="fusion-text fusion-text-1"><p>Les tarifes de la Residència Sant Jordi varien depenent del tipus d&#8217;habitació, els serveis que requereixi el resident i les necessitats específiques de cada persona. Per a oferir-te una <strong>informació personalitzada i adaptada a la teva situació</strong>, et convidem a posar-te en contacte amb nosaltres i agendar una cita per a explicar-te les opcions i proporcionar un pressupost ajustat a les vostres necessitats.</p>
</div></div></div></div></div>

<!-- This site is optimized with the Yoast SEO plugin v27.4 - https://yoast.com/product/yoast-seo-wordpress/ -->
<title>Quin preu té una plaça en Residència Sant Jordi? - Residencia Sant Jordi</title>
<meta name="robots" content="index, follow, max-snippet:-1, max-image-preview:large, max-video-preview:-1" />
<link rel="canonical" href="https://residenciasantjordi.es/ca/faq-items/quin-preu-te-una-placa-en-residencia-sant-jordi/" />
<meta property="og:locale" content="ca_ES" />
<meta property="og:type" content="article" />
<meta property="og:title" content="Quin preu té una plaça en Residència Sant Jordi? - Residencia Sant Jordi" />
<meta property="og:url" content="https://residenciasantjordi.es/ca/faq-items/quin-preu-te-una-placa-en-residencia-sant-jordi/" />
<meta property="og:site_name" content="Residencia Sant Jordi" />
<meta property="article:modified_time" content="2025-04-14T11:58:56+00:00" />
<meta name="twitter:card" content="summary_large_image" />
<meta name="twitter:label1" content="Temps estimat de lectura" />
	<meta name="twitter:data1" content="1 minut" />
<script type="application/ld+json" class="yoast-schema-graph">{"@context":"https:\/\/schema.org","@graph":[{"@type":"WebPage","@id":"https:\/\/residenciasantjordi.es\/ca\/faq-items\/quin-preu-te-una-placa-en-residencia-sant-jordi\/","url":"https:\/\/residenciasantjordi.es\/ca\/faq-items\/quin-preu-te-una-placa-en-residencia-sant-jordi\/","name":"Quin preu té una plaça en Residència Sant Jordi? - Residencia Sant Jordi","isPartOf":{"@id":"https:\/\/residenciasantjordi.es\/ca\/#website"},"datePublished":"2025-03-13T09:08:57+00:00","dateModified":"2025-04-14T11:58:56+00:00","breadcrumb":{"@id":"https:\/\/residenciasantjordi.es\/ca\/faq-items\/quin-preu-te-una-placa-en-residencia-sant-jordi\/#breadcrumb"},"inLanguage":"ca","potentialAction":[{"@type":"ReadAction","target":["https:\/\/residenciasantjordi.es\/ca\/faq-items\/quin-preu-te-una-placa-en-residencia-sant-jordi\/"]}]},{"@type":"BreadcrumbList","@id":"https:\/\/residenciasantjordi.es\/ca\/faq-items\/quin-preu-te-una-placa-en-residencia-sant-jordi\/#breadcrumb","itemListElement":[{"@type":"ListItem","position":1,"name":"Inicio","item":"https:\/\/residenciasantjordi.es\/ca\/"},{"@type":"ListItem","position":2,"name":"FAQs","item":"https:\/\/residenciasantjordi.es\/ca\/faq-items\/"},{"@type":"ListItem","position":3,"name":"Quin preu té una plaça en Residència Sant Jordi?"}]},{"@type":"WebSite","@id":"https:\/\/residenciasantjordi.es\/ca\/#website","url":"https:\/\/residenciasantjordi.es\/ca\/","name":"Residencia Sant Jordi","description":"Residencia Sant Jordi","potentialAction":[{"@type":"SearchAction","target":{"@type":"EntryPoint","urlTemplate":"https:\/\/residenciasantjordi.es\/ca\/?s={search_term_string}"},"query-input":{"@type":"PropertyValueSpecification","valueRequired":true,"valueName":"search_term_string"}}],"inLanguage":"ca"}]}</script>
<!-- / Yoast SEO plugin. -->

Quin preu té una plaça en Residència Sant Jordi? - Residencia Sant Jordi
